what is -6 - 902?
-908
In base 3, what is -2 + -202222211?
-202222220
In base 5, what is 1210 - 1341?
-131
In base 5, what is 230013 + 142?
230210
In base 9, what is -463055 + 0?
-463055
In base 9, what is -338 + 62?
-266
In base 15, what is -1a - -666?
64b
In base 7, what is -11303 + 412?
-10561
In base 3, what is -1000212 + -2102121?
-10110110
In base 5, what is -1304033 + 10?
-1304023
In base 3, what is 1 + -100110212?
-100110211
In base 5, what is -1324001 - -2?
-1323444
In base 9, what is 2 + 10220?
10222
In base 7, what is 4 - -631546?
631553
In base 12, what is -147b27 + 5?
-147b22
In base 9, what is 5 + 1015425?
1015431
In base 7, what is -3 - 422423?
-422426
In base 16, what is 5 - -d10c?
d111
In base 12, what is 2 + -89201?
-891bb
In base 11, what is -5 - -334049?
334044
In base 11, what is 913 - -106?
a19
In base 12, what is 192b9 - 14?
192a5
In base 8, what is -514004 + -3?
-514007
In base 16, what is e + -141c?
-140e
In base 11, what is -379 - 109?
-487
In base 2, what is -1000 - 1001110110110111011?
-1001110110111000011
In base 14, what is -2c6 + 3c?
-288
In base 16, what is 249 + 29?
272
In base 12, what is -15338 + 1?
-15337
In base 9, what is -1 - 430246?
-430247
In base 5, what is 32133422 + 4?
32133431
In base 16, what is 53 + -442?
-3ef
In base 6, what is -1525331 - 1?
-1525332
In base 16, what is 6 + 3d2?
3d8
In base 10, what is 2 - -1711566?
1711568
In base 16, what is 84 + 7a?
fe
In base 15, what is 5 + 509eb?
50a01
In base 16, what is 2 + -1542b?
-15429
In base 12, what is -24593 + -5?
-24598
In base 7, what is 3 - -14335413?
14335416
In base 5, what is 331 - 410?
-24
In base 10, what is -27 - 277?
-304
In base 4, what is -1 + 11131320?
11131313
In base 9, what is 1773 - -508?
2382
In base 14, what is -8 + 308b0?
308a6
In base 10, what is 47338 + 1?
47339
In base 13, what is 106a3b + -2?
106a39
In base 14, what is 12 + 144b?
145d
In base 3, what is 12110202211 - -101?
12110210012
In base 11, what is -10927 + 2?
-10925
In base 11, what is 10645 - 4?
10641
In base 9, what is -5 - 6755?
-6761
In base 15, what is -5406 + -5?
-540b
In base 4, what is -3333213 - -1213?
-3332000
In base 5, what is -301 + 3443?
3142
In base 4, what is -12 + 330112?
330100
In base 10, what is 38071 + -7?
38064
In base 6, what is -21 - -23031?
23010
In base 8, what is 6 + -442501?
-442473
In base 4, what is -2312 - -303022?
300110
In base 7, what is -25642 - -160?
-25452
In base 8, what is -4 - -235263?
235257
In base 7, what is 2 - 131654?
-131652
In base 3, what is -100211022121 - -221?
-100211021200
In base 14, what is 1174a0 - -4?
1174a4
In base 5, what is 2 - -21000412?
21000414
In base 3, what is -210 - 21002010?
-21002220
In base 2, what is 11100 - -111001101111011?
111001110010111
In base 4, what is 0 + -102002003?
-102002003
In base 12, what is -32 - 241b?
-2451
In base 2, what is -11101010001110 - 100011?
-11101010110001
In base 7, what is -20 + 3546?
3526
In base 8, what is 416 - -470?
1106
In base 11, what is 2729 - 3?
2726
In base 13, what is -1b9 - 19?
-205
In base 7, what is -21523 + -30?
-21553
In base 5, what is -413 - -14123?
13210
In base 7, what is 3341054 - -5?
3341062
In base 11, what is -19298 + 5?
-19293
In base 12, what is -7 - 2111?
-2118
In base 14, what is -1290c + -2d?
-1293b
In base 6, what is -10455 - 1100?
-11555
In base 9, what is 3 + 147156?
147160
In base 6, what is -110 + -1231222?
-1231332
In base 16, what is 1b - 1?
1a
In base 16, what is -4d - -17a?
12d
In base 16, what is -cc + -3b7?
-483
In base 2, what is -1101000100001 + -1011111?
-1101010000000
In base 16, what is -6f4c + -1?
-6f4d
In base 5, what is 0 - 3034134?
-3034134
In base 13, what is 3 - -86830?
86833
In base 11, what is -68 + 5253?
5196
In base 14, what is 38a43 + 3?
38a46
In base 10, what is 10 + -49643?
-49633
In base 15, what is 34b259 + -3?
34b256
In base 3, what is -10022 - 10202211?
-10220010
In base 9, what is 32320 - 5?
32314
In base 14, what is 11 + c47?
c58
In base 6, what is 22042355 + 2?
22042401
In base 10, what is -9303378 - -1?
-9303377
In base 3, what is 1 - -222001000?
222001001
In base 6, what is 22 - 152223?
-152201
In base 7, what is 230 - 2123?
-1563
In base 6, what is -11 + -2?
-13
In base 12, what is 4 - -6a698?
6a6a0
In base 10, what is 326 + 195?
521
In base 7, what is -1 - -11061302?
11061301
In base 4, what is 21 - 3331000?
-3330313
In base 13, what is 1 - 3771?
-3770
In base 15, what is 2d6 + -c0?
216
In base 12, what is -6 - -652?
648
In base 13, what is -50 - 9014?
-9064
In base 13, what is 4 + -42851?
-4284a
In base 4, what is 33202 + -110110?
-10302
In base 6, what is -3241240 + -20?
-3241300
In base 2, what is 11 + 11100011011010100?
11100011011010111
In base 13, what is -143 - 78?
-1bb
In base 10, what is -741 + -1609?
-2350
In base 9, what is -1224 + 87?
-1126
In base 16, what is -1 - -2567?
2566
In base 11, what is 52476a5 + 3?
52476a8
In base 9, what is -3 - 17131?
-17134
In base 16, what is -127 - -d?
-11a
In base 2, what is 101001 - 10001011111010?
-10001011010001
In base 7, what is 1032 + -51?
651
In base 12, what is -22 + 686?
664
In base 16, what is -2 + -74e4?
-74e6
In base 11, what is 0 + 73996?
73996
In base 2, what is -1000001 - 100101000?
-101101001
In base 6, what is -1554020 + -4?
-1554024
In base 4, what is -3 - -2022203?
2022200
In base 7, what is -46315 + -56?
-46404
In base 8, what is 51562 + -4?
51556
In base 7, what is -23 - 10324?
-10350
In base 8, what is -1763014 - -20?
-1762774
In base 2, what is 111001000010100 + -1111?
111001000000101
In base 11, what is -148 + 6a7?
55a
In base 15, what is 75 - 22b?
-1a6
In base 7, what is 24252 - -20?
24302
In base 10, what is -34396 + 33?
-34363
In base 5, what is -10 + 42041322?
42041312
In base 14, what is b9 - -14?
cd
In base 13, what is 0 + -bc?
-bc
In base 5, what is 204031 - -2?
204033
In base 13, what is -2 - 31a3?
-31a5
In base 16, what is -15082 - -4?
-1507e
In base 9, what is 56044 + 5?
56050
In base 9, what is 37 + 1258?
1306
In base 6, what is -245 - -221144?
220455
In base 2, what is -11 + -101000111100001010?
-101000111100001101
In base 6, what is 214311 + 10?
214321
In base 12, what is -1 - 169?
-16a
In base 16, what is -2 + 75bd?
75bb
In base 13, what is -5 - -27a82?
27a7a
In base 15, what is -10e49 - -8?
-10e41
In base 7, what is -32 - -1023502?
1023440
In base 9, what is -82 + 44030?
43837
In base 15, what is -6c + -180?
-1ec
In base 10, what is 334 - 2731?
-2397
In base 7, what is 5 - 1566236?
-1566231
In base 6, what is 14 - -1021031?
1021045
In base 14, what is -1014 - 0?
-1014
In base 3, what is -1101 + 101220?
100112
In base 12, what is 2b + 12b0?
131b
In base 14, what is 6bcd8 + 10?
6bd08
In base 15, what is 83a208 + 5?
83a20d
In base 11, what is -39944 - 0?
-39944
In base 2, what is -11110000010011000 - 100?
-11110000010011100
In base 10, what is -5 + -22615?
-22620
In base 8, what is 53117 - 0?
53117
In base 3, what is 12010212001212 + -12?
12010212001200
In base 12, what is 1b + -9b521?
-9b502
In base 16, what is -1634 + -62?
-1696
In base 2, what is 10001100000010 - -10?
10001100000100
In base 8, what is -170573 - -2?
-170571
In base 2, what is -100001111001110 - 1?
-100001111001111
In base 10, what is -16661 - -4?
-16657
In base 9, what is 71 - 5263?
-5182
In base 9, what is 250 - -500?
750
In base 4, what is 113 + -22330?
-22211
In base 10, what is 5 + 3856?
3861
In base 4, what is -1111 + 323331?
322220
In base 8, what is 443 + -740?
-275
In base 7, what is -110 + 100034?
66624
In base 13, what is -45a9 - a?
-45b6
In base 5, what is 1131324143 + 1?
1131324144
In base 14, what is -2947 + 2c?
-2919
In base 7, what is -2535 + 24?
-2511
In base 14, what is -b8 - -1c99?
1bc1
In base 10, what is 24763 + -3?
24760
In base 3, what is -2210012 + -1001111?
-10211200
In base 14, what is 2040 - 83?
1d9b
In base 4, what is 13010110232 + -2?
13010110230
In base 4, what is -3 + -1320?
-1323
In base 6, what is -33 - -114254?
114221
In base 9, what is 76376 - 20?
76356
In base 11, what is 6564023 + -2?
6564021
In base 14, what is 13 + 1987?
199a
In base 2, what is 101000011 + 1100?
101001111
In base 13, what is 4 + -258ac2?
-258abb
In base 8, what is 3 + 21242?
21245
In base 9, what is 24 - -42635?
42660
In base 16, what is -1 + 3